t is the units digit of h?
3
Suppose s + 63 - 23 = 0. What is the tens digit of 2*(-2)/(-1) - s?
4
Let c = 14 + -9. Suppose -2*l - 15 = c*a, l - 2*a = -1 + 16. Suppose -l*m + 10*m = 4*i + 70, 4*i + 52 = 4*m. What is the tens digit of m?
1
Suppose 63 = -2*s + 5*s. What is the tens digit of s/1 - 0/(-4)?
2
Let q = -7 - -55. What is the units digit of q?
8
Let y = 4 - 4. Suppose 3*b - 3*t - 9 = 0, -5*t + t = -5*b + 16. Suppose y*m = -b*m + 28. What is the units digit of m?
7
What is the tens digit of 330/11*(-16)/(-6)?
8
Suppose -o = -0*o - 48. What is the units digit of o?
8
Suppose -r = m + 1, -5*r - 5 = 3*m - 2*m. What is the units digit of r/(-4) - 1911/(-52)?
7
Let o = 24 + 90. What is the tens digit of o?
1
Suppose 2*m - 4 = 5*h, 0 = -2*m + 3*h + h + 2. Let c be (-6 + 3 - -9) + m. Suppose 2*n = c*l + 18, -5*n + 1 + 49 = -5*l. What is the tens digit of n?
1
Let n be (-5)/(-20) + (-11)/(-4). Suppose -n*r + 2 = -1. What is the units digit of r?
1
What is the tens digit of 1*(-4)/6*3*-71?
4
What is the units digit of (-2 - -2)*1 - -1?
1
Let h(v) = 7*v**2 + v - 2. Let p be h(2). Let z = p - 7. What is the units digit of z?
1
Suppose 4*c + 0*i + 2*i - 20 = 0, i = -c + 6. Suppose 0 = 3*w - 30 - 150. Suppose -c*r + w = r. What is the units digit of r?
2
What is the units digit of (36/(-15))/(-4)*5?
3
Suppose h + h = 64. Suppose -3*t - 62 = -8*t - 3*s, -2*t - 3*s = -h. What is the tens digit of t?
1
Let s = -10 + 15. Suppose -4*g + 125 = s*h, 0 = 3*h + 2*h - 5*g - 170. What is the units digit of h?
9
Let l be (-1)/(-3) + 16/(-3). Let o = 2 - l. Suppose -4*x + 5 = -o. What is the units digit of x?
3
Let s = 105 + -27. What is the units digit of s?
8
Suppose -3*o + o + 7 = 3*f, 0 = -4*f + 3*o + 32. Suppose -26 = 3*g - f*g. What is the units digit of g?
3
Let f(q) = q**3 + 3*q**2 - 4*q - 1. Let b be f(-4). Let a(d) = -2*d. What is the units digit of a(b)?
2
Let s(k) = 5*k**2 + 5*k + 2. Suppose -w - 4*u = -4*w + 11, 0 = 3*w + 4*u + 29. What is the tens digit of s(w)?
3
Suppose l - 40 = -3*l. Let r be 7 - 4 - 1 - (-1)/1. Suppose 0 = -r*d + d + l. What is the units digit of d?
5
Suppose -3*x - 2*b + 29 = 3, -3*x - 3*b + 30 = 0. Let d = x + -5. What is the units digit of d?
1
Let w(c) = 5*c. Let k be w(1). Let m be k/1*(2 + -1). Suppose v - m*v = -56. What is the tens digit of v?
1
Suppose -356 - 289 = -3*u. What is the units digit of u?
5
Let u(z) be the second derivative of -z**4/12 + z**3 + z**2/2 - z. Suppose -4*j + 1 = -15. What is the units digit of u(j)?
9
Suppose 0 = -3*r - 12, -10 - 2 = g + 4*r. Let f be (20/(-16))/((-1)/g). Suppose -f*m = 5*h - 70, 0 = 2*h + m - 28 + 5. What is the units digit of h?
9
Suppose n - 53 = -r - 5, 2*r = -8. What is the tens digit of n?
5
Suppose 2*w = -0*m - 3*m + 22, w = -4. What is the units digit of m?
0
What is the units digit of -4 + 2 - -2 - -25?
5
Suppose m + 2*m = 3. Let q be -1 - m*(2 + -3). Suppose 29 = 4*d + 3*s - 30, q = 3*d - 4*s - 38. What is the tens digit of d?
1
Let n(k) = -k**2 + k + 3. Suppose 2*w = -5*g - 17, -4 - 6 = 2*g. Let h be n(w). Let u = 21 + h. What is the units digit of u?
2
Let q = -4 + 4. Suppose q = -4*k + 1 + 3. Suppose k + 3 = x. What is the units digit of x?
4
Suppose 11 = 4*j + r, 2*r - 40 = -5*j + 6*r. What is the units digit of j?
4
Suppose -4*n + 57 = -n. Let z = 17 - 28. Let i = n + z. What is the units digit of i?
8
Suppose 4*r - 2 = 2*f, 3*f - 2 + 5 = -r. Suppose 6*o - 3*o = r. Suppose -h - 3*h + 24 = o. What is the units digit of h?
6
Suppose 2*g + 2*g - 36 = 0. Let o = 17 - g. What is the units digit of o?
8
Let f = -8 - -33. Suppose -2*t - 3*t = -f. Suppose h + h + 3 = t*p, 0 = -5*p - 3*h + 8. What is the units digit of p?
1
Let d = 7 + -12. Let j(n) = 2*n**2 + 8*n + 3. What is the tens digit of j(d)?
1
Suppose 0 = 36*r - 40*r + 600. What is the tens digit of r?
5
What is the units digit of (-12)/(-66) - 1054/(-11)?
6
Suppose -5*i = -i - 144. Suppose -u + 4 + 1 = 0. Suppose -l - i = -u*l. What is the units digit of l?
9
Let a(f) = f**3 + 14*f**2 + 23*f + 31. What is the hundreds digit of a(-9)?
2
Let z be (-354)/(-9) - 2/(-3). Let d be (-16)/z + 2/5. Suppose d = f + 1 - 5. What is the units digit of f?
4
Let x(d) = -d**3 + d**2 - d + 21. What is the units digit of x(0)?
1
Suppose 32 = f - b, -8 = -b - b. What is the units digit of f?
6
Suppose 3*d + 0*g - 28 = -g, -44 = -5*d - 3*g. Suppose d*y - 128 = 6*y. What is the units digit of y?
2
What is the tens digit of 4*(20 + -1) + 2/1?
7
Let x(k) = -k + 7. Let b be x(6). Suppose 3*s + 5*z - 4*z = 19, 5*z = s - b. Suppose 0 = -2*r + s*r - 28. What is the units digit of r?
7
Let p(q) = -7*q**3 + 7*q**2 - q - 3. Let i(g) = 11*g**3 - 10*g**2 + g + 4. Let b(z) = -5*i(z) - 8*p(z). What is the tens digit of b(6)?
2
Let p(f) = -f**3 + 17*f**2 - 16*f. Let u be p(16). Suppose -4*o - 2*b + 162 = u, 5*o + 0*b - 207 = -b. What is the units digit of o?
2
Suppose 4*f = 5*f - 2. Suppose -2*v = f*v. Suppose 5*k - 43 + 8 = v. What is the units digit of k?
7
Let p = 26 - 20. What is the units digit of p?
6
Suppose 2*m + 0*m = 30. What is the tens digit of m?
1
Let b be (-4 + -2)*(-89)/3. Let v be (-2)/10 + b/(-10). What is the units digit of (-57)/v - (-4)/(-24)?
3
Let j(x) = -x + 8. Suppose 48 + 27 = 5*o. Suppose 2*f + 6 = v, v + 0*f + o = -5*f. What is the units digit of j(v)?
8
Suppose 3*m - 5*m = -2*b - 6, -4*b - 8 = -2*m. What is the units digit of m?
2
What is the units digit of (-3)/36*-4*75?
5
What is the tens digit of (73 - 10/5) + -2?
6
Suppose 0*w = -2*w - 2. Let p be (0 + w)*(-15)/3. Suppose b = 2*r - 16, r = p*b - b + 22. What is the units digit of r?
6
Let h(t) = -5*t**2 + t - 4. Let j(b) be the first derivative of 11*b**3/3 - b**2/2 + 8*b - 2. Let q(o) = -9*h(o) - 4*j(o). What is the tens digit of q(6)?
1
Let n = -41 - -29. Let o(r) = -2*r - 14. What is the tens digit of o(n)?
1
Suppose u - 38 = -2*v - 3*u, 3*v + 5*u - 52 = 0. Let y(p) = p + 7. What is the units digit of y(v)?
6
Let m be 18 + 0 + -4 + 2. Suppose -4*x + 3*q = -m, 0 = -4*x + 4*q + 12. What is the units digit of x?
7
Let p = 3 + -1. Let j be 1/(((-1)/p)/(-1)). Suppose -z + y + 31 = 3*z, -j*y = -2*z + 20. What is the units digit of z?
7
Suppose -5*f + 4 = -4*m - f, 3*m + 4*f - 4 = 0. Suppose 2*l - 57 + 17 = m. What is the units digit of l?
0
Suppose 4 = -y - 11. Let p be 3/12 + y/(-4). Suppose 4*w - l - 29 + 2 = 0, 4*w + p*l - 12 = 0. What is the units digit of w?
6
Suppose -10 = -4*l - d, -2*l - 4*d + 1 = 3. Let g = l + -2. What is the units digit of g/4 - (-38)/8?
5
Suppose 0 = 51*n - 47*n - 60. Let i(l) = -2*l - 1. Let v be i(-3). Let a = n - v. What is the units digit of a?
0
Let q = -37 + 114. Let k = q + -38. Let y = k + -28. What is the tens digit of y?
1
Let y(u) = -u + 16. Let m be y(13). Suppose -8 = 2*v - m*v. Suppose -v = -5*i - 3. What is the units digit of i?
1
Suppose 3*i = 3*x + 26 + 7, -2*i + x = -23. Suppose -4*l = 2*b - 78, -4*l + 2*b + i = -70. What is the units digit of l?
0
Let b(h) = -h**3 - 3*h**2 - 2*h - 4. Let i be b(-3). Suppose -i*l + 17 = -j, 2*l = 3*l + j - 7. What is the units digit of l?
8
Suppose -48*r + 51*r - 63 = 0. What is the tens digit of r?
2
Let m(y) be the second derivative of -y**5/20 + y**4/3 - y**3 + 3*y**2 + 2*y. Let z be m(4). Let k = z + 26. What is the units digit of k?
8
Suppose 4*g - 135 - 225 = 0. What is the units digit of g?
0
Let g(d) = -8*d + 2. What is the units digit of g(-5)?
2
Let c(x) = 3*x. Let z be c(1). Suppose -4*p + 13 = -3*k, -p = -0*k + z*k - 7. What is the units digit of p?
4
Suppose 2*n = 3*n - 3. Let r be 0 + (6 + 0)*n. Let c = r - 2. What is the tens digit of c?
1
Suppose -2*r + 0*r = 0. Suppose 5*v = d - r*v + 15, -9 = 4*d - 3*v. Suppose d = -4*o - 4, -3*u + 3*o + 0*o = -21. What is the units digit of u?
6
Let m = 11 - 9. What is the units digit of m?
2
Let m be (16/12)/((-8)/(-12)). Let d(t) = 12*t. What is the units digit of d(m)?
4
Suppose 0 = 2*k + 5*x - 25, x = -2*k - x + 28. What is the units digit of (-18)/k*35/(-2)?
1
Suppose -3*b + 114 = -0*b. Let f(p) = 13*p - 2. Let z be f(2). Let u = b - z. What is the tens digit of u?
1
Let l(f) = -f**3 - 5*f**2 - 6*f - 1. Let p = -3 + -1. Let o be l(p). Let u = 13 - o. What is the units digit of u?
6
Let x = -16 - -37. Suppose z + 0*z - x = 0. 